divisor of 837 and 27?
27
What is the greatest common factor of 18 and 24?
6
What is the greatest common divisor of 4582 and 316?
158
What is the greatest common divisor of 20 and 5?
5
Calculate the highest common divisor of 165 and 105.
15
What is the highest common divisor of 18 and 3402?
18
Calculate the greatest common divisor of 15 and 1410.
15
Calculate the highest common factor of 329 and 188.
47
Calculate the highest common factor of 6 and 45.
3
What is the highest common divisor of 413 and 177?
59
What is the highest common factor of 493 and 17?
17
What is the greatest common factor of 8 and 5136?
8
Calculate the highest common factor of 625 and 125.
125
Calculate the highest common divisor of 69 and 9.
3
What is the greatest common factor of 13 and 1157?
13
What is the greatest common factor of 12 and 21?
3
What is the highest common divisor of 89 and 1513?
89
What is the greatest common divisor of 58001 and 62?
31
Calculate the highest common divisor of 154 and 6.
2
Calculate the greatest common factor of 1505 and 1435.
35
What is the greatest common factor of 286 and 297?
11
What is the greatest common factor of 16149 and 42?
21
Calculate the highest common divisor of 176 and 13464.
88
Calculate the highest common factor of 99 and 121.
11
What is the greatest common divisor of 4 and 1732?
4
Calculate the highest common divisor of 363 and 99.
33
Calculate the greatest common divisor of 160 and 60.
20
What is the highest common factor of 195 and 715?
65
Calculate the highest common factor of 1339 and 103.
103
What is the highest common factor of 2 and 662?
2
Calculate the highest common divisor of 420 and 16620.
60
What is the highest common divisor of 32 and 432?
16
Calculate the greatest common divisor of 329 and 63.
7
What is the greatest common divisor of 77 and 21?
7
Calculate the greatest common divisor of 912 and 2.
2
What is the highest common factor of 80 and 6140?
20
What is the greatest common factor of 97 and 1261?
97
What is the greatest common factor of 504 and 112?
56
Calculate the greatest common divisor of 1323 and 245.
49
Calculate the greatest common factor of 1728 and 108.
108
Calculate the highest common factor of 2535 and 120.
15
Calculate the highest common divisor of 209 and 19.
19
What is the highest common divisor of 28 and 1372?
28
What is the highest common divisor of 612 and 1496?
68
What is the greatest common divisor of 505 and 404?
101
What is the highest common factor of 1260 and 180?
180
What is the highest common divisor of 24 and 72?
24
Calculate the greatest common divisor of 560 and 112.
112
Calculate the greatest common factor of 224 and 32.
32
What is the highest common divisor of 188 and 329?
47
Calculate the highest common divisor of 72 and 9.
9
What is the highest common factor of 1887 and 255?
51
What is the greatest common factor of 2864 and 179?
179
Calculate the highest common factor of 152 and 19.
19
Calculate the greatest common factor of 27 and 3429.
27
Calculate the highest common divisor of 1426 and 138.
46
Calculate the greatest common divisor of 100 and 350.
50
Calculate the greatest common divisor of 265 and 15.
5
What is the greatest common divisor of 50 and 72?
2
Calculate the highest common factor of 208 and 39.
13
Calculate the highest common factor of 288 and 456.
24
Calculate the greatest common factor of 376 and 40.
8
What is the greatest common factor of 15 and 240?
15
Calculate the highest common factor of 2205 and 495.
45
What is the greatest common factor of 150 and 1750?
50
What is the greatest common divisor of 6 and 402?
6
What is the greatest common divisor of 392 and 64?
8
What is the greatest common divisor of 15995 and 70?
35
Calculate the highest common divisor of 230 and 851.
23
What is the highest common divisor of 3 and 3?
3
What is the greatest common factor of 32 and 352?
32
Calculate the highest common factor of 117 and 243.
9
What is the highest common factor of 12 and 6?
6
What is the highest common divisor of 3426 and 2?
2
What is the highest common divisor of 4559 and 97?
97
Calculate the highest common factor of 88 and 33.
11
Calculate the greatest common factor of 46 and 368.
46
Calculate the highest common factor of 60 and 408.
12
Calculate the greatest common factor of 338 and 26.
26
What is the greatest common divisor of 29 and 116?
29
What is the greatest common factor of 8 and 68?
4
What is the highest common divisor of 174 and 102?
6
What is the highest common divisor of 27 and 6?
3
Calculate the highest common divisor of 168 and 1652.
28
What is the greatest common divisor of 133 and 19?
19
Calculate the highest common divisor of 64 and 78.
2
Calculate the greatest common factor of 96 and 3072.
96
Calculate the highest common divisor of 25 and 225.
25
What is the highest common divisor of 2756 and 156?
52
Calculate the highest common factor of 60 and 48.
12
What is the highest common divisor of 469 and 201?
67
What is the greatest common factor of 30 and 45?
15
Calculate the greatest common factor of 799 and 17.
17
Calculate the highest common divisor of 182 and 442.
26
What is the highest common factor of 31 and 2?
1
Calculate the highest common divisor of 44 and 11077.
11
What is the highest common factor of 12 and 1398?
6
Calculate the highest common divisor of 48 and 16.
16
Calculate the highest common divisor of 17 and 391.
17
What is the greatest common factor of 1057 and 10419?
151
What is the highest common divisor of 42 and 2058?
42
Calculate the greatest common factor of 460 and 10028.
92
Calculate the greatest common factor of 85 and 527.
17
What is the greatest common divisor of 1441 and 11?
11
What is the highest common factor of 1456 and 13?
13
Calculate the highest common divisor of 516 and 24.
12
What is the greatest common factor of 486 and 822?
6
What is the highest common divisor of 11247 and 138?
69
What is the highest common factor of 45 and 99?
9
Calculate the highest common factor of 40 and 13768.
8
What is the greatest common divisor of 1078 and 154?
154
What is the highest common divisor of 32787 and 9?
9
What is the greatest common factor of 50 and 370?
10
Calculate the greatest common divisor of 348 and 60.
12
What is the greatest common factor of 2139 and 1116?
93
What is the highest common factor of 50 and 74?
2
Calculate the highest common divisor of 190 and 140.
10
Calculate the greatest common divisor of 432 and 81.
27
What is the highest common divisor of 70 and 805?
35
Calculate the greatest common divisor of 1152 and 1512.
72
Calculate the greatest common divisor of 78 and 299.
13
Calculate the highest common divisor of 6 and 42.
6
What is the greatest common factor of 243 and 54?
27
What is the highest common divisor of 126 and 25578?
126
Calculate the greatest common divisor of 104 and 260.
52
What is the greatest common factor of 324 and 216?
108
What is the highest common factor of 35 and 5?
5
Calculate the greatest common factor of 344 and 568.
8
What is the highest common divisor of 177 and 33?
3
What is the highest common divisor of 3538 and 29?
29
What is the highest common factor of 770 and 700?
70
What is the greatest common divisor of 162 and 567?
81
Calculate the greatest common divisor of 40 and 12020.
20
Calculate the highest common factor of 4661 and 79.
79
Calculate the greatest common factor of 80 and 680.
40
What is the greatest common divisor of 688 and 96?
16
Calculate the greatest common factor of 108 and 396.
36
Calculate the greatest common divisor of 1696 and 256.
32
What is the greatest common divisor of 14 and 203?
7
What is the greatest common factor of 380 and 60?
20
What is the greatest common divisor of 39 and 123?
3
Calculate the greatest common factor of 909 and 202.
101
What is the greatest common divisor of 51 and 8517?
51
Calculate the highest common divisor of 256 and 4.
4
Calculate the greatest common divisor of 11 and 352.
11
Calculate the greatest common factor of 20 and 470.
10
What is the greatest common divisor of 196 and 168?
28
What is the highest common factor of 64 and 52928?
64
Calculate the highest common factor of 1295 and 814.
37
Calculate the greatest common factor of 1224 and 936.
72
Calculate the greatest common factor of 2304 and 6048.
288
What is th